e thousands digit of 28188?
8
What is the units digit of 1998?
8
What is the hundreds digit of 68435?
4
What is the ten thousands digit of 11347?
1
What is the tens digit of 1213?
1
What is the thousands digit of 68084?
8
What is the hundreds digit of 1454?
4
What is the units digit of 3750?
0
What is the hundreds digit of 7789?
7
What is the thousands digit of 1489?
1
What is the units digit of 38949?
9
What is the ten thousands digit of 22279?
2
What is the thousands digit of 6922?
6
What is the units digit of 1543?
3
What is the thousands digit of 9917?
9
What is the units digit of 2383?
3
What is the hundreds digit of 1115?
1
What is the thousands digit of 1342?
1
What is the hundreds digit of 4458?
4
What is the units digit of 352?
2
What is the units digit of 75790?
0
What is the thousands digit of 5402?
5
What is the units digit of 2482?
2
What is the thousands digit of 9219?
9
What is the units digit of 77068?
8
What is the thousands digit of 1215?
1
What is the hundreds digit of 715?
7
What is the units digit of 24347?
7
What is the units digit of 78316?
6
What is the thousands digit of 41020?
1
What is the tens digit of 20288?
8
What is the hundreds digit of 20917?
9
What is the units digit of 22608?
8
What is the tens digit of 1657?
5
What is the tens digit of 323?
2
What is the thousands digit of 23043?
3
What is the hundreds digit of 17116?
1
What is the units digit of 1183?
3
What is the hundreds digit of 4730?
7
What is the thousands digit of 3093?
3
What is the units digit of 9977?
7
What is the tens digit of 2541?
4
What is the thousands digit of 33301?
3
What is the thousands digit of 2537?
2
What is the thousands digit of 51721?
1
What is the hundreds digit of 1290?
2
What is the thousands digit of 5012?
5
What is the hundred thousands digit of 120272?
1
What is the tens digit of 358?
5
What is the hundreds digit of 2771?
7
What is the thousands digit of 10112?
0
What is the tens digit of 2316?
1
What is the tens digit of 8077?
7
What is the thousands digit of 3839?
3
What is the tens digit of 4125?
2
What is the ten thousands digit of 104213?
0
What is the tens digit of 3617?
1
What is the hundreds digit of 696?
6
What is the units digit of 29645?
5
What is the units digit of 40155?
5
What is the thousands digit of 15550?
5
What is the thousands digit of 18360?
8
What is the ten thousands digit of 11258?
1
What is the ten thousands digit of 108919?
0
What is the units digit of 1099?
9
What is the ten thousands digit of 115654?
1
What is the thousands digit of 4055?
4
What is the units digit of 1017?
7
What is the units digit of 717?
7
What is the hundreds digit of 4009?
0
What is the thousands digit of 19317?
9
What is the hundreds digit of 1518?
5
What is the units digit of 689?
9
What is the units digit of 42245?
5
What is the tens digit of 1246?
4
What is the units digit of 99566?
6
What is the units digit of 1059?
9
What is the ten thousands digit of 43001?
4
What is the tens digit of 3014?
1
What is the thousands digit of 4929?
4
What is the thousands digit of 5996?
5
What is the hundreds digit of 14825?
8
What is the tens digit of 4637?
3
What is the hundreds digit of 2192?
1
What is the thousands digit of 2022?
2
What is the hundreds digit of 659?
6
What is the tens digit of 3719?
1
What is the thousands digit of 2701?
2
What is the units digit of 6084?
4
What is the tens digit of 1099?
9
What is the hundreds digit of 4570?
5
What is the hundreds digit of 11942?
9
What is the units digit of 2602?
2
What is the hundred thousands digit of 117494?
1
What is the ten thousands digit of 15863?
1
What is the units digit of 10931?
1
What is the hundreds digit of 2304?
3
What is the units digit of 1642?
2
What is the tens digit of 2699?
9
What is the hundreds digit of 3844?
8
What is the tens digit of 1757?
5
What is the hundreds digit of 5250?
2
What is the tens digit of 10417?
1
What is the thousands digit of 14591?
4
What is the hundreds digit of 53902?
9
What is the tens digit of 1745?
4
What is the tens digit of 27021?
2
What is the hundreds digit of 14470?
4
What is the tens digit of 6408?
0
What is the units digit of 4165?
5
What is the thousands digit of 31556?
1
What is the units digit of 14343?
3
What is the hundreds digit of 2423?
4
What is the units digit of 922?
2
What is the tens digit of 3678?
7
What is the tens digit of 897?
9
What is the tens digit of 514?
1
What is the thousands digit of 65757?
5
What is the units digit of 621?
1
What is the units digit of 23143?
3
What is the tens digit of 36640?
4
What is the tens digit of 65728?
2
What is the tens digit of 4691?
9
What is the tens digit of 6092?
9
What is the tens digit of 2108?
0
What is the hundreds digit of 1116?
1
What is the hundreds digit of 680?
6
What is the ten thousands digit of 48397?
4
What is the units digit of 321?
1
What is the units digit of 7785?
5
What is the tens digit of 49138?
3
What is the units digit of 797?
7
What is the hundreds digit of 1738?
7
What is the thousands digit of 6157?
6
What is the units digit of 11556?
6
What is the hundreds digit of 3972?
9
What is the units digit of 6109?
9
What is the hundreds digit of 60817?
8
What is the tens digit of 4667?
6
What is the thousands digit of 5262?
5
What is the ten thousands digit of 67111?
6
What is the tens digit of 6500?
0
What is the tens digit of 33580?
8
What is the hundreds digit of 35670?
6
What is the tens digit of 110988?
8
What is the hundreds digit of 7098?
0
What is the ten thousands digit of 12849?
1
What is the tens digit of 568?
6
What is the hundreds digit of 86726?
7
What is the hundreds digit of 17160?
1
What is the units digit of 58?
8
What is the units digit of 601?
1
What is the units digit of 16309?
9
What is the ten thousands digit of 37426?
3
What is the hundreds digit of 49938?
9
What is the hundreds digit of 7125?
1
What is the tens digit of 5403?
0
What is the thousands digit of 2299?
2
What is the units digit of 5607?
7
What is the ten thousands digit of 100410?
0
What is the hundreds digit of 10291?
2
What is the thousands digit of 2034?
2
What is the tens digit of 13413?
1
What is the units digit of 999?
9
What is the units digit of 14093?
3
What is the ten thousands digit of 24182?
2
What is the tens digit of 26918?
1
What is the hundreds digit of 5704?
7
What is the thousands digit of 3465?
3
What is the tens digit of 2698?
9
What is the thousands digit of 4886?
4
What is the hundreds digit of 388?
3
What is the thousands digit of 15667?
5
What is the tens digit of 96?
9
What is the ten thousands digit of 125269?
2
What is the units digit of 3047?
7
What is the hundreds digit of 3535?
5
What is the hundreds digit of 6282?
2
What is the ten thousands digit of 55871?
5
What is the hundreds digit of 31777?
7
What is the tens digit of 8608?
0
What is the tens digit of 97907?
0
What is the tens digit of 2527?
2
What is the thousands digit of 12533?
2
What is the hundreds digit of 1742?
7
What is the thousands digit of 3102?
3
What is the units digit of 982?
2
What is the tens digit of 5462?
6
What is the thousands digit of 4128?
4
What is the units digit of 11918?
8
What is the thousands digit of 17228?
7
What is the thousands digit of 10618?
0
What is the tens digit of 925?
2
What is the units digit of 866?
6
What is the hundreds digit of 9282?
2
What is the ten thousands digit of 10207?
1
What is the ten thousands digit of 41398?
4
What is the units digit of 547?
7
What is the units digit of 123088?
8
What is the ten thousands digit of 67309?
6
What is the tens digit of 2188?
8
What is the tens digit of 2470?
7
What is the tens digit of 1033?
3
What is the units digit of 42828?
8
What is the units digit of 7242?
2
What is the hundreds digit of 2629?
6
What is the tens digit of 896?
9
What is the units digit of 4513?
3
What is the hundreds digit of 287?
2
What is the ten thousands digit of 177236?
7
What is the thousands digit of 8429?
8
What is the thousands digit of 87454?
7
What is the thousands digit of 64766?
4
What is the thousands digit of 1284?
1
What is the tens digit of 781?
8
What is the hundreds digit of 2916?
9
What is the hundreds digit of 38025?
0
What is the ten thousands digit of 100430?
0
What is the hundreds digit of 2239?
2
Wh